{"id":642,"date":"2025-09-07T22:00:12","date_gmt":"2025-09-07T20:00:12","guid":{"rendered":"http:\/\/gagatki.com.pl\/?page_id=642"},"modified":"2025-09-23T22:35:05","modified_gmt":"2025-09-23T20:35:05","slug":"mgr-kamila-gebka","status":"publish","type":"page","link":"http:\/\/gagatki.com.pl\/index.php\/mgr-kamila-gebka\/","title":{"rendered":"mgr Kamila G\u0119bka"},"content":{"rendered":"\n<div class=\"wp-block-columns is-layout-flex wp-container-core-columns-is-layout-9d6595d7 wp-block-columns-is-layout-flex\">\n<div class=\"wp-block-column is-layout-flow wp-block-column-is-layout-flow\">\n<figure class=\"wp-block-image size-large is-resized\"><img loading=\"lazy\" decoding=\"async\" width=\"768\" height=\"1024\" src=\"http:\/\/gagatki.com.pl\/wp-content\/uploads\/2025\/09\/Zdjecie-WhatsApp-2025-09-07-o-21.51.48_3b2315f2-1-768x1024.jpg\" alt=\"\" class=\"wp-image-644\" style=\"width:278px;height:auto\" srcset=\"http:\/\/gagatki.com.pl\/wp-content\/uploads\/2025\/09\/Zdjecie-WhatsApp-2025-09-07-o-21.51.48_3b2315f2-1-768x1024.jpg 768w, http:\/\/gagatki.com.pl\/wp-content\/uploads\/2025\/09\/Zdjecie-WhatsApp-2025-09-07-o-21.51.48_3b2315f2-1-225x300.jpg 225w, http:\/\/gagatki.com.pl\/wp-content\/uploads\/2025\/09\/Zdjecie-WhatsApp-2025-09-07-o-21.51.48_3b2315f2-1-1152x1536.jpg 1152w, http:\/\/gagatki.com.pl\/wp-content\/uploads\/2025\/09\/Zdjecie-WhatsApp-2025-09-07-o-21.51.48_3b2315f2-1.jpg 1512w\" sizes=\"auto, (max-width: 767px) 89vw, (max-width: 1000px) 54vw, (max-width: 1071px) 543px, 580px\" \/><\/figure>\n<\/div>\n\n\n\n<div class=\"wp-block-column is-layout-flow wp-block-column-is-layout-flow\">\n<p>Nazywam si\u0119 Kamila G\u0119bka jestem logoped\u0105 oraz pedagogiem. Uko\u0144czy\u0142am studia magisterskie na kierunku pedagogika opieku\u0144cza i resocjalizacyjna oraz studia z zakresu logopedii i terapii logopedycznej.<\/p>\n\n\n\n<p>W pracy z dzieckiem stawiam na poszanowanie dzieci\u0119cych potrzeb, holistyczne podej\u015bcie oraz indywidualne dopasowanie metod terapii do potrzeb najm\u0142odszych.<\/p>\n\n\n\n<p>Prywatnie jestem mam\u0105 dw\u00f3jki maluch\u00f3w, pasjonatk\u0105 sport\u00f3w wodnych \u2013 p\u0142ywania oraz swimrun.<\/p>\n<\/div>\n<\/div>\n\n\n\n<p><strong>Szkolenia i kursy:<\/strong><\/p>\n\n\n\n<ul class=\"wp-block-list\">\n<li><strong>Metody wywo\u0142ywania g\u0142osek K, G, CH<\/strong><br>prowadz\u0105ca: mgr Natalia Mi\u0105skowska<\/li>\n\n\n\n<li><strong>Anatomia i fizjologia potrzebna do diagnozy i terapii stawu skroniowo-\u017cuchwowego<\/strong><br>prowadz\u0105ca: mgr Klara Francuz-Matwiejczyk<\/li>\n\n\n\n<li><strong>Ankyloglosja \u2013 w\u0119dzide\u0142ko j\u0119zyka: diagnoza i terapia przed i po zabiegu<\/strong><br>prowadz\u0105ca: mgr Aleksandra Rosi\u0144ska<br>organizator: Niepubliczny O\u015brodek Doskonalenia Nauczycieli \u201eTeczka Logopedy\u201d<\/li>\n\n\n\n<li><strong>Anatomia i fizjologia niezb\u0119dna do diagnozy i terapii stawu skroniowo \u2013 \u017cuchwowego<\/strong><br>prowadz\u0105ca: mgr Klara Francuz- Matwiejczyk<br>organizator: Niepubliczny O\u015brodek Doskonalenia Nauczycieli \u201eTeczka Logopedy\u201d<\/li>\n\n\n\n<li><strong>Anatomia logopedy. Mi\u0119\u015bnie j\u0119zyka, podniebienia i gard\u0142a<\/strong><br>prowadz\u0105ca: mgr Aleksandra Rosi\u0144ska<br>organizator: Niepubliczny O\u015brodek Doskonalenia Nauczycieli \u201eTeczka Logopedy\u201d<\/li>\n\n\n\n<li><strong>Pozycja spoczynkowa j\u0119zyka<\/strong><br>prowadz\u0105ca: mgr Anna W\u00f3jcik<br>organizator: Niepubliczny O\u015brodek Doskonalenia Nauczycieli \u201eTeczka Logopedy\u201d<\/li>\n\n\n\n<li><strong>W\u0119dzide\u0142ko j\u0119zyka i wargi g\u00f3rnej u niemowl\u0105t &#8211; diagnoza i terapia<\/strong><br>prowadz\u0105ca: mgr Anna Karowicz<br>organizator: Instytut Edukacji Logopedycznej<\/li>\n\n\n\n<li><strong>ABC TERAPII LOGOPEDYCZNEJ<\/strong><br>prowadz\u0105ca: Natalia Chru\u015bciel- Janas<br>organizator: Niepubliczny O\u015brodek Doskonalenia Nauczycieli \u201eTeczka Logopedy\u201d<\/li>\n\n\n\n<li><strong>ABC LOGOPEDY \u2013 jak rozpocz\u0105\u0107 prac\u0119 logopedy<\/strong><br>prowadz\u0105ca: mgr Anna W\u00f3jcik<br>organizator: Niepubliczny O\u015brodek Doskonalenia Nauczycieli \u201eTeczka Logopedy\u201d<\/li>\n\n\n\n<li><strong>Jak rozpoznawa\u0107 zaburzenia ze spektrum autyzmu u dzieci i m\u0142odzie\u017cy?<\/strong><br>prowadz\u0105cy: mgr Szczepan Cie\u015blak<br>organizator: Niepubliczny O\u015brodek Doskonalenia Nauczycieli \u201eTeczka Logopedy\u201d<\/li>\n\n\n\n<li><strong>Jak przeprowadzi\u0107 diagnoz\u0119 logopedyczn\u0105?<\/strong><br>prowadz\u0105ca: Natalia Mi\u0105skowska<br>organizator: Niepubliczny O\u015brodek Doskonalenia Nauczycieli \u201eTeczka Logopedy\u201d<\/li>\n<\/ul>\n","protected":false},"excerpt":{"rendered":"<p>Nazywam si\u0119 Kamila G\u0119bka jestem logoped\u0105 oraz pedagogiem. Uko\u0144czy\u0142am studia magisterskie na kierunku pedagogika opieku\u0144cza i resocjalizacyjna oraz studia z zakresu logopedii i terapii logopedycznej. W pracy z dzieckiem stawiam na poszanowanie dzieci\u0119cych potrzeb, holistyczne podej\u015bcie oraz indywidualne dopasowanie metod terapii do potrzeb najm\u0142odszych. Prywatnie jestem mam\u0105 dw\u00f3jki maluch\u00f3w, pasjonatk\u0105 sport\u00f3w wodnych \u2013 p\u0142ywania oraz &hellip; <\/p>\n<p class=\"link-more\"><a href=\"http:\/\/gagatki.com.pl\/index.php\/mgr-kamila-gebka\/\" class=\"more-link\">Czytaj dalej<span class=\"screen-reader-text\"> \u201emgr Kamila G\u0119bka\u201d<\/span><\/a><\/p>\n","protected":false},"author":1,"featured_media":0,"parent":0,"menu_order":0,"comment_status":"closed","ping_status":"closed","template":"","meta":{"footnotes":""},"class_list":["post-642","page","type-page","status-publish","hentry"],"_links":{"self":[{"href":"http:\/\/gagatki.com.pl\/index.php\/wp-json\/wp\/v2\/pages\/642","targetHints":{"allow":["GET"]}}],"collection":[{"href":"http:\/\/gagatki.com.pl\/index.php\/wp-json\/wp\/v2\/pages"}],"about":[{"href":"http:\/\/gagatki.com.pl\/index.php\/wp-json\/wp\/v2\/types\/page"}],"author":[{"embeddable":true,"href":"http:\/\/gagatki.com.pl\/index.php\/wp-json\/wp\/v2\/users\/1"}],"replies":[{"embeddable":true,"href":"http:\/\/gagatki.com.pl\/index.php\/wp-json\/wp\/v2\/comments?post=642"}],"version-history":[{"count":2,"href":"http:\/\/gagatki.com.pl\/index.php\/wp-json\/wp\/v2\/pages\/642\/revisions"}],"predecessor-version":[{"id":657,"href":"http:\/\/gagatki.com.pl\/index.php\/wp-json\/wp\/v2\/pages\/642\/revisions\/657"}],"wp:attachment":[{"href":"http:\/\/gagatki.com.pl\/index.php\/wp-json\/wp\/v2\/media?parent=642"}],"curies":[{"name":"wp","href":"https:\/\/api.w.org\/{rel}","templated":true}]}}