{"id":505,"date":"2025-06-21T16:25:41","date_gmt":"2025-06-21T14:25:41","guid":{"rendered":"http:\/\/gagatki.com.pl\/?page_id=505"},"modified":"2026-04-03T21:24:28","modified_gmt":"2026-04-03T19:24:28","slug":"konsultacje-pedagogiczne","status":"publish","type":"page","link":"http:\/\/gagatki.com.pl\/index.php\/konsultacje-pedagogiczne\/","title":{"rendered":"Konsultacje pedagogiczne"},"content":{"rendered":"\n<p>Oferujemy indywidualne konsultacje pedagogiczne, kt\u00f3re wspieraj\u0105 rodzic\u00f3w w radzeniu sobie <br>z wyzwaniami zwi\u0105zanymi z funkcjonowaniem dziecka w przedszkolu oraz wczesnych klasach szko\u0142y podstawowej (1\u20133). <br><\/p>\n\n\n\n<div class=\"wp-block-buttons is-layout-flex wp-block-buttons-is-layout-flex\">\n<div class=\"wp-block-button\"><a class=\"wp-block-button__link wp-element-button\" href=\"https:\/\/gagatki-gabinet-logopedyczny-olga-koziarek.reservio.com\">Zarezerwuj teraz<\/a><\/div>\n<\/div>\n\n\n\n<p><\/p>\n\n\n\n<p>Konsultacje dotycz\u0105 mi\u0119dzy innymi:<\/p>\n\n\n\n<ul class=\"wp-block-list\">\n<li>trudno\u015bci adaptacyjnych dziecka do nowego \u015brodowiska edukacyjnego,<\/li>\n\n\n\n<li>problem\u00f3w w nawi\u0105zywaniu i utrzymywaniu relacji r\u00f3wie\u015bniczych,<\/li>\n\n\n\n<li>obni\u017conej motywacji do nauki oraz trudno\u015bci z koncentracj\u0105 i organizacj\u0105<br>pracy,<\/li>\n\n\n\n<li>efektywnej wsp\u00f3\u0142pracy i komunikacji z nauczycielami oraz personelem<br>plac\u00f3wki,<\/li>\n\n\n\n<li>wsparcia w radzeniu sobie z zachowaniami trudnymi i wyzwaniami<br>wychowawczymi,<\/li>\n\n\n\n<li>rozpoznawania indywidualnych potrzeb rozwojowych dziecka i wskaz\u00f3wek<br>dotycz\u0105cych dalszego wspomagania rozwoju,<\/li>\n\n\n\n<li>organizacji nauki i codziennych obowi\u0105zk\u00f3w, motywowania do samodzielno\u015bci<br>oraz wzmacniania koncentracji i pami\u0119ci.<\/li>\n<\/ul>\n\n\n\n<p>Podczas konsultacji pomagamy zrozumie\u0107 specyfik\u0119 rozwoju dziecka, identyfikujemy przyczyny trudno\u015bci oraz proponujemy praktyczne strategie, kt\u00f3re u\u0142atwiaj\u0105 codzienne funkcjonowanie dziecka i poprawiaj\u0105 wsp\u00f3\u0142prac\u0119 z nauczycielami. Konsultacje s\u0105 tak\u017ce wsparciem dla rodzic\u00f3w <br>w budowaniu pozytywnych relacji z dzieckiem oraz w przygotowaniu go do kolejnych etap\u00f3w edukacji.<\/p>\n","protected":false},"excerpt":{"rendered":"<p>Oferujemy indywidualne konsultacje pedagogiczne, kt\u00f3re wspieraj\u0105 rodzic\u00f3w w radzeniu sobie z wyzwaniami zwi\u0105zanymi z funkcjonowaniem dziecka w przedszkolu oraz wczesnych klasach szko\u0142y podstawowej (1\u20133). Konsultacje dotycz\u0105 mi\u0119dzy innymi: Podczas konsultacji pomagamy zrozumie\u0107 specyfik\u0119 rozwoju dziecka, identyfikujemy przyczyny trudno\u015bci oraz proponujemy praktyczne strategie, kt\u00f3re u\u0142atwiaj\u0105 codzienne funkcjonowanie dziecka i poprawiaj\u0105 wsp\u00f3\u0142prac\u0119 z nauczycielami. Konsultacje s\u0105 tak\u017ce &hellip; <\/p>\n<p class=\"link-more\"><a href=\"http:\/\/gagatki.com.pl\/index.php\/konsultacje-pedagogiczne\/\" class=\"more-link\">Czytaj dalej<span class=\"screen-reader-text\"> \u201eKonsultacje pedagogiczne\u201d<\/span><\/a><\/p>\n","protected":false},"author":1,"featured_media":0,"parent":0,"menu_order":0,"comment_status":"closed","ping_status":"closed","template":"","meta":{"footnotes":""},"class_list":["post-505","page","type-page","status-publish","hentry"],"_links":{"self":[{"href":"http:\/\/gagatki.com.pl\/index.php\/wp-json\/wp\/v2\/pages\/505","targetHints":{"allow":["GET"]}}],"collection":[{"href":"http:\/\/gagatki.com.pl\/index.php\/wp-json\/wp\/v2\/pages"}],"about":[{"href":"http:\/\/gagatki.com.pl\/index.php\/wp-json\/wp\/v2\/types\/page"}],"author":[{"embeddable":true,"href":"http:\/\/gagatki.com.pl\/index.php\/wp-json\/wp\/v2\/users\/1"}],"replies":[{"embeddable":true,"href":"http:\/\/gagatki.com.pl\/index.php\/wp-json\/wp\/v2\/comments?post=505"}],"version-history":[{"count":6,"href":"http:\/\/gagatki.com.pl\/index.php\/wp-json\/wp\/v2\/pages\/505\/revisions"}],"predecessor-version":[{"id":792,"href":"http:\/\/gagatki.com.pl\/index.php\/wp-json\/wp\/v2\/pages\/505\/revisions\/792"}],"wp:attachment":[{"href":"http:\/\/gagatki.com.pl\/index.php\/wp-json\/wp\/v2\/media?parent=505"}],"curies":[{"name":"wp","href":"https:\/\/api.w.org\/{rel}","templated":true}]}}